{"id":2,"date":"2024-06-04T19:40:42","date_gmt":"2024-06-04T19:40:42","guid":{"rendered":"https:\/\/demo.gatherpress.org\/test01\/?page_id=2"},"modified":"2024-09-07T17:59:58","modified_gmt":"2024-09-07T15:59:58","slug":"home","status":"publish","type":"page","link":"https:\/\/demo.gatherpress.org\/paris\/","title":{"rendered":"Home"},"content":{"rendered":"\n<p>Text about your group<\/p>\n\n\n\n<h2 class=\"wp-block-heading\">\u00c9v\u00e8nements \u00e0 venir<\/h2>\n\n\n\n<div class=\"wp-block-gatherpress-events-list\" data-gatherpress_block_name=\"events-list\" data-gatherpress_block_attrs=\"{&quot;eventOptions&quot;:{&quot;descriptionLimit&quot;:55,&quot;imageSize&quot;:&quot;default&quot;,&quot;showRsvpResponse&quot;:true,&quot;showFeaturedImage&quot;:true,&quot;showDescription&quot;:true,&quot;showRsvp&quot;:true,&quot;showVenue&quot;:true},&quot;datetimeFormat&quot;:&quot;D, M j, Y, g:i a T&quot;,&quot;maxNumberOfEvents&quot;:5,&quot;type&quot;:&quot;upcoming&quot;}\"><\/div>\n","protected":false},"excerpt":{"rendered":"<p>Text about your group \u00c9v\u00e8nements \u00e0 venir<\/p>\n","protected":false},"author":1,"featured_media":0,"parent":0,"menu_order":0,"comment_status":"closed","ping_status":"closed","template":"","meta":{"footnotes":""},"class_list":["post-2","page","type-page","status-publish","hentry"],"_links":{"self":[{"href":"https:\/\/demo.gatherpress.org\/paris\/wp-json\/wp\/v2\/pages\/2","targetHints":{"allow":["GET"]}}],"collection":[{"href":"https:\/\/demo.gatherpress.org\/paris\/wp-json\/wp\/v2\/pages"}],"about":[{"href":"https:\/\/demo.gatherpress.org\/paris\/wp-json\/wp\/v2\/types\/page"}],"author":[{"embeddable":true,"href":"https:\/\/demo.gatherpress.org\/paris\/wp-json\/wp\/v2\/users\/1"}],"replies":[{"embeddable":true,"href":"https:\/\/demo.gatherpress.org\/paris\/wp-json\/wp\/v2\/comments?post=2"}],"version-history":[{"count":3,"href":"https:\/\/demo.gatherpress.org\/paris\/wp-json\/wp\/v2\/pages\/2\/revisions"}],"predecessor-version":[{"id":22,"href":"https:\/\/demo.gatherpress.org\/paris\/wp-json\/wp\/v2\/pages\/2\/revisions\/22"}],"wp:attachment":[{"href":"https:\/\/demo.gatherpress.org\/paris\/wp-json\/wp\/v2\/media?parent=2"}],"curies":[{"name":"wp","href":"https:\/\/api.w.org\/{rel}","templated":true}]}}